(4 - 0) - 425. Let n = 458 + g. Calculate the greatest common divisor of n and 510.
30
Let v be 182/(-35)*11850/(-60). Calculate the highest common factor of 869 and v.
79
Let q(f) = 250*f - 344. Let g be q(2). What is the highest common divisor of 5538 and g?
78
Let t be -16*1*(-3)/12. Suppose t*n + 4*h + 25 = 141, 5*n - 5*h = 175. Let b be 4 + 22/(-10) + 2/10. Calculate the greatest common factor of n and b.
2
Suppose -7*p - 1185 = -457. Let x = p - -84. Let o be (24/x)/((-2)/60). Calculate the highest common factor of 90 and o.
18
Let b = -39 - 6. Let n = b + 49. Suppose n*k - 189 + 33 = 0. Calculate the highest common divisor of k and 156.
39
Suppose -5*f = -2*q + 313, 0 = -f - 2*q - 64 - 1. Suppose 40 = b + 4*c, -3*c - 210 = -6*b + 3*b. Let l = b + f. What is the highest common factor of 11 and l?
1
Suppose 3*h - 12472 = -2*x, -2660*h = -2665*h + 2*x + 20808. Calculate the greatest common factor of h and 195.
65
Let q be -8*(-1)/32*383*4. Let z = q + -257. Suppose 894 = 2*y + z. Calculate the greatest common factor of y and 48.
48
Let g be (-1)/3 + 925/3. Let s = 32214 - 32186. What is the highest common divisor of s and g?
28
Let l(k) = 91*k - 24. Let n be l(5). Let q = -392 + n. What is the greatest common divisor of 6 and q?
3
Suppose m + 5*d - 36 = -25, -3*m + 7 = 2*d. What is the greatest common factor of m and 31?
1
Let z(t) = -t**3 - 5*t**2 - 8*t - 5. Let v be z(-5). Let h = 77853 + -77783. Calculate the highest common factor of h and v.
35
Suppose 112 = 3*s + 5*d, 60 = 2*s + d - 5*d. Let c = -23 + s. What is the highest common divisor of 2 and c?
1
Suppose -3*p + 44*b + 40 = 49*b, -2*b - 46 = -5*p. What is the highest common factor of 392 and p?
2
Let b be (4 - 5) + (2 - -846). Calculate the highest common factor of b and 44.
11
Suppose 5*y = -p + 294 + 599, -2*p - 2*y = -1762. Suppose -3*o = 4*s - p, -3*s - 585 - 594 = -4*o. Calculate the greatest common divisor of o and 42.
42
Let t = -115 - -127. Suppose -5*d + 5*k + 1525 = 0, -4*d + t*k = 15*k - 1185. Calculate the greatest common factor of d and 24.
12
Suppose 832 = 5*x - 4*q, -660 = -24*x + 20*x + 4*q. What is the highest common divisor of 7310 and x?
86
Let k be (-93 - -3)/((-60)/200). Suppose -2*j = 4*j - k. Calculate the highest common divisor of 10 and j.
10
Suppose 2*q = -v + 16, 5*v - 5*q - 53 = -6*q. Let d be (((-665)/v)/7)/(5/(-10)). What is the highest common divisor of 1159 and d?
19
Let a(i) be the first derivative of -i**3/3 + 12*i**2 + 21*i - 57. Let y be a(15). Calculate the highest common factor of 24 and y.
12
Let h = -26 + 41. Let s be 973/14 + 15 - (-1)/2. Calculate the highest common divisor of s and h.
5
Let q(c) = -3324*c**3 + 3*c**2 + 215*c + 213. Let j be q(-1). Calculate the highest common factor of 361 and j.
19
Let z(q) = -5*q**2. Let n(a) = a**3 + a**2 + 19*a - 222. Let r(l) = n(l) + 3*z(l). Let y be r(14). What is the highest common divisor of y and 4?
4
Let w = -76 + 81. Suppose -2*p - 5*l + 510 = p, w*l - 335 = -2*p. What is the greatest common divisor of 75 and p?
25
Suppose -27 = -h - 5*u, 5*h + u - 57 = 2*u. Suppose 0 = -37*f + 31*f - 4866. Let k = -763 - f. What is the highest common divisor of k and h?
12
Let b = -29 + 94. Let c be (2 - (2 + 2))/((-4)/(-2)). Let i be (20/8)/(2/(c - -5)). Calculate the highest common factor of i and b.
5
Suppose 5*z - 114 = -53*w + 51*w, -w + 47 = 2*z. What is the highest common factor of z and 10310?
10
Suppose 0 = 2*i + 3*x - 1132 + 1046, -3*i = 3*x - 132. Let c(u) = -103*u + 2. Let j be c(-4). Calculate the highest common divisor of j and i.
46
Let o be ((-21)/12 - -3)*4. Suppose o*a - 31 - 9 = 0. Let j be (8/7)/(12/672). What is the highest common divisor of j and a?
8
Let q(v) = -80*v**3 + v**2 + v - 1. Let b be q(1). Let k = 207 + b. What is the highest common divisor of k and 1?
1
Let k(r) = 2*r**3 + 3*r - 8*r**2 - r**2 + 91 - 12*r. Let g be k(7). What is the highest common factor of g and 21?
21
Let v(o) = -22*o - 204. Let t be v(-27). Let w = t + -389. What is the greatest common factor of 23 and w?
1
Suppose 4*r = 20, 2*r - 110 = -5*t - 0. What is the greatest common divisor of 7340 and t?
20
Let h = -552 + 557. Suppose -339 = -h*i - 319. Calculate the greatest common factor of 92 and i.
4
Let u be 3 - ((-4)/4 - 28). Suppose 19*w - 64 = 88. What is the highest common factor of u and w?
8
Let x(m) = -431*m - 107. Let w be x(-1). Let k = -30 + 42. Calculate the highest common divisor of k and w.
12
Let t be 5*((-2079)/(-161) + (-4)/(-46)). What is the highest common divisor of t and 429?
13
Let x be (-293484)/(-2442) + (-3)/(33/2). What is the greatest common factor of x and 2355?
15
Let k(z) = -z**2 + 13*z + 12. Let b be k(10). Suppose 4*r + 83 + 193 = 5*n, n - r - 55 = 0. Suppose 7*d = 6*d + n. What is the highest common factor of b and d?
14
Let x be (9/(0 - 1))/(-1). Let u = 381 + -375. Suppose -u*o + 142 = 88. What is the greatest common factor of o and x?
9
Let z be 62 + 1 + (-14)/(-7). Let b = z + -34. Let x(c) = -59*c**2 + 3662*c - 186. Let p be x(62). Calculate the highest common divisor of b and p.
31
Let z(f) = 2*f**2 - 2*f - 7. Let t be z(3). Calculate the greatest common divisor of 3885 and t.
5
Let q be 0*(-5)/60*-6. Suppose q = -19*h + 6*h + 2860. What is the highest common divisor of h and 60?
20
Let w be (24/10)/(1/5). Let z = 34 + 20. Suppose 4*b - 13*b + z = 0. What is the greatest common divisor of b and w?
6
Let b = 12919 - 12670. What is the highest common divisor of 2739 and b?
249
Let n = 66 + -51. Let i(q) = 3*q - 3 + 19 - 2*q. Let d be i(n). What is the highest common divisor of 155 and d?
31
Let o = -2031 + 2125. What is the highest common divisor of 6298 and o?
94
Let t be 1884/30*9805/74. What is the greatest common factor of 106 and t?
53
Let j(c) = -74 - c - 2*c**2 - 2*c**2 + 78 - 6*c**3 - 3*c**3. Let q be j(-2). Calculate the greatest common divisor of 217 and q.
31
Let x = 8934 - 6885. Calculate the highest common divisor of x and 3.
3
Let p(f) = f**3 + 44*f**2 - 92*f + 28. Let v be p(-46). Let d be (24/(-9))/(-1 - 249/(-252)). Calculate the highest common factor of v and d.
28
Let t = -249 - -249. Suppose -8*r + 24*r - 160 = t. What is the greatest common factor of 25 and r?
5
Let z(w) = 1076*w - 4008. Let p be z(4). Calculate the greatest common factor of 1961 and p.
37
Suppose -2*f = -68 - 130. Let x(d) = -d**3 + 90*d**2 + 178*d + 618. Let c be x(92). Calculate the highest common factor of f and c.
33
Let f(i) = 206*i + 3695. Let o be f(-15). Let g(r) = -22*r. Let t be g(-1). Calculate the highest common divisor of o and t.
11
Suppose -4*a + 3*m + 1607 = 0, -1786 = -5*a + m + 242. Let g be (23 + -1)*3/6. Calculate the highest common divisor of a and g.
11
Let b(j) = 141*j - 952. Let y be b(14). What is the highest common factor of y and 112?
14
Let h = 24111 + -22857. What is the highest common factor of 352 and h?
22
Let m be ((-40)/110)/(20/(-41470)). What is the highest common factor of 182 and m?
26
Let a be 0 + 5 + (-37)/(-1). Let z be 1038/a - (-2)/7. Let y = 89 - z. Calculate the greatest common factor of 4 and y.
4
Let b = 8603 - 8523. What is the highest common divisor of 1744 and b?
16
Let g = -87 - 359. Let h = g + 515. Calculate the highest common factor of 46 and h.
23
Let u = 640 - 640. Let a be u + 1045 - 15/(-14 - -11). Calculate the greatest common factor of a and 42.
42
Let h(g) = -g**3 + 2*g**2 + 6*g - 1. Let q be h(-5). Let u be (-15)/2*((-1056)/(-18))/(-4). Let a = -74 + u. Calculate the greatest common divisor of a and q.
36
Let y = -324 + 352. Let u = 0 - -4. Suppose -k - 2*q = -30, 4*k + u*q = 6*k - y. What is the greatest common divisor of k and 154?
22
Let a = 7861 + -6588. What is the highest common divisor of 268 and a?
67
Let b(z) = 631*z - 1139. Let s be b(7). Calculate the greatest common divisor of 22 and s.
22
Let l(v) = v**2 + 58*v - 48. Let q be l(-60). What is the greatest common divisor of 24 and q?
24
Let m = -5985 - -10914. What is the greatest common factor of m and 93?
93
Suppose -59*t - 78*t = -16*t - 434995. What is the greatest common factor of 5 and t?
5
Let x = -236 - -237. Suppose 0*y = -2*y + 2. Let g be -1 + (4 - (-6)/y). What is the highest common divisor of x and g?
1
Let d = -305 - -465. Suppose -2*u + 5*u - 